e greatest common divisor of 289262 and 74542.
122
What is the highest common factor of 6683120 and 400?
80
What is the highest common factor of 2992675 and 97755?
1715
What is the greatest common factor of 21712 and 164669?
59
What is the greatest common divisor of 921 and 213812299?
307
Calculate the greatest common divisor of 6615092 and 418.
22
Calculate the highest common divisor of 2343696 and 240.
48
Calculate the highest common divisor of 213822 and 9576.
126
Calculate the greatest common divisor of 59 and 25767660.
59
Calculate the highest common factor of 159172 and 195884.
52
Calculate the highest common divisor of 53616660 and 14100.
2820
Calculate the greatest common factor of 51418764 and 84.
12
What is the highest common divisor of 6150 and 45082575?
3075
Calculate the greatest common factor of 957901 and 535507.
791
Calculate the greatest common divisor of 1244928 and 936.
24
What is the highest common factor of 4512976 and 48?
16
What is the highest common divisor of 12397 and 4279219?
1127
Calculate the greatest common factor of 6234920 and 9688.
1384
Calculate the highest common factor of 66 and 461184.
6
What is the highest common factor of 3428157 and 3336?
417
What is the highest common divisor of 12027 and 67773?
57
Calculate the greatest common factor of 51 and 329283.
3
What is the greatest common divisor of 6303 and 27243667?
2101
What is the highest common divisor of 781 and 1748894081?
781
Calculate the highest common factor of 46136133 and 1206.
603
Calculate the highest common divisor of 2344126202 and 44.
22
What is the highest common factor of 398825 and 48430900?
7525
What is the highest common divisor of 969 and 16305819?
57
What is the greatest common divisor of 3902001 and 465?
93
What is the greatest common divisor of 20538 and 861618?
978
What is the greatest common divisor of 6584948 and 4?
4
Calculate the highest common divisor of 63750260 and 3970.
3970
What is the greatest common factor of 1707190 and 12640?
790
Calculate the highest common factor of 62854 and 419914.
22
What is the highest common divisor of 29632 and 11684731?
463
Calculate the highest common divisor of 15525 and 1045764.
621
What is the highest common factor of 1655 and 482237210?
1655
What is the highest common factor of 10810 and 8890144?
2162
What is the highest common divisor of 9975560 and 1436120?
6440
Calculate the greatest common factor of 43409700 and 525.
75
What is the highest common factor of 168696 and 1016?
8
Calculate the highest common factor of 325812 and 780.
12
What is the greatest common factor of 39 and 30944043?
39
Calculate the greatest common factor of 5560061 and 1079.
13
Calculate the highest common divisor of 17250 and 62187750.
750
Calculate the highest common divisor of 11605917 and 7701.
51
Calculate the highest common factor of 10080 and 2605610.
70
Calculate the greatest common divisor of 368 and 552784.
16
What is the greatest common factor of 4213805340 and 82?
82
What is the greatest common divisor of 30017 and 6520616?
2309
Calculate the highest common divisor of 591280118 and 572.
286
Calculate the greatest common factor of 1326 and 326493687.
663
Calculate the greatest common divisor of 71 and 42527651.
71
What is the highest common factor of 1042939 and 125035?
1471
What is the highest common divisor of 2642 and 118007572?
2642
What is the highest common divisor of 90362725 and 25?
25
What is the greatest common factor of 7414 and 2065136?
674
Calculate the highest common divisor of 49764330 and 13527.
1503
Calculate the highest common factor of 3309 and 24123713.
1103
Calculate the highest common divisor of 103190 and 163283.
607
What is the greatest common divisor of 995107 and 10943?
353
What is the greatest common divisor of 5 and 2504030?
5
What is the highest common divisor of 3673800 and 20?
20
What is the highest common factor of 127063877 and 58?
29
What is the greatest common divisor of 2147815 and 10?
5
What is the highest common divisor of 4310 and 246230?
10
Calculate the highest common divisor of 7271093 and 2361.
787
Calculate the highest common divisor of 15942950 and 2514.
838
Calculate the highest common factor of 11769282 and 4.
2
Calculate the greatest common divisor of 2891108 and 440.
44
Calculate the highest common factor of 11118 and 8662884.
654
Calculate the highest common factor of 54 and 434222181.
27
What is the greatest common divisor of 5580 and 352460?
20
What is the greatest common factor of 2265 and 369540?
15
Calculate the highest common divisor of 7 and 27368810.
7
What is the highest common factor of 775 and 10317575?
775
What is the greatest common divisor of 13692313 and 21553?
3079
What is the greatest common factor of 607070 and 425?
85
What is the highest common divisor of 13755 and 15400491?
393
Calculate the greatest common divisor of 4247124 and 75516.
2604
Calculate the greatest common divisor of 706344 and 44.
4
What is the highest common divisor of 1950 and 2323165?
65
Calculate the highest common divisor of 1761069 and 6296476.
3739
Calculate the greatest common factor of 39440 and 37321120.
1360
Calculate the greatest common divisor of 45652 and 1442332.
452
Calculate the greatest common factor of 2395543 and 2867.
47
Calculate the greatest common divisor of 266640038 and 14.
14
Calculate the greatest common factor of 265843 and 441351.
2581
What is the highest common divisor of 885 and 14594205?
15
Calculate the greatest common factor of 1484847 and 590499.
5733
What is the highest common divisor of 3036 and 10886613?
69
Calculate the greatest common divisor of 145 and 575969.
29
What is the highest common divisor of 14 and 5508706?
14
What is the greatest common factor of 53235464 and 1416?
472
What is the greatest common factor of 18 and 91068012?
18
What is the greatest common factor of 13 and 659414743?
13
What is the highest common factor of 533541435 and 21?
21
What is the highest common divisor of 93408 and 2430624?
672
What is the greatest common factor of 59819528 and 488?
488
Calculate the greatest common factor of 45952698 and 44.
22
What is the highest common divisor of 469062 and 1035?
207
Calculate the greatest common factor of 12381868 and 84.
4
Calculate the greatest common divisor of 22524 and 543385869.
5631
Calculate the highest common divisor of 16832076 and 204.
12
Calculate the highest common divisor of 4488863 and 557.
557
Calculate the greatest common factor of 30 and 167440750.
10
What is the highest common divisor of 188220022 and 668?
334
What is the greatest common divisor of 90334821 and 51?
51
Calculate the highest common factor of 286 and 21044782.
22
Calculate the highest common divisor of 4049 and 687451367.
4049
Calculate the greatest common factor of 147438 and 72.
18
Calculate the greatest common factor of 22312 and 14976.
8
Calculate the highest common divisor of 105 and 288213555.
105
Calculate the highest common divisor of 2020 and 756790.
10
Calculate the highest common divisor of 23580365 and 542989.
6101
What is the greatest common divisor of 72128 and 689724?
4508
What is the highest common factor of 995522 and 8954?
814
Calculate the greatest common divisor of 94246203 and 12742.
6371
What is the highest common divisor of 36 and 443340738?
18
Calculate the greatest common divisor of 2157454 and 2366.
338
Calculate the greatest common factor of 128 and 2603296.
32
Calculate the greatest common divisor of 1623780 and 101060.
620
What is the highest common divisor of 5089 and 766283?
7
Calculate the highest common factor of 427511 and 10451.
7
Calculate the greatest common divisor of 149452 and 2393.
1
What is the greatest common divisor of 16868600 and 725?
25
What is the greatest common factor of 412659 and 3159?
117
What is the highest common divisor of 9100 and 14625?
325
Calculate the highest common factor of 4748029 and 1144.
143
Calculate the highest common factor of 71073459 and 11439.
369
Calculate the greatest common factor of 6827888 and 64.
16
Calculate the greatest common factor of 83051 and 1787947.
1567
What is the highest common factor of 17010 and 5780530?
70
Calculate the highest common factor of 5444 and 463.
1
What is the highest common factor of 2128 and 42328048?
2128
What is th